{"id":150,"date":"2024-11-26T17:50:13","date_gmt":"2024-11-26T20:50:13","guid":{"rendered":"https:\/\/querigma.com.br\/home\/?page_id=150"},"modified":"2024-12-21T15:56:50","modified_gmt":"2024-12-21T18:56:50","slug":"musical-de-evangelizacao","status":"publish","type":"page","link":"https:\/\/querigma.com.br\/home\/index.php\/musical-de-evangelizacao\/","title":{"rendered":"Musical de Evangeliza\u00e7\u00e3o &#8211; MILAGRES EUCAR\u00cdSTICOS"},"content":{"rendered":"\n<p class=\"has-medium-font-size\">Todas as m\u00fasicas (letras, melodias e harmonias) foram compostas pelos alunos e professores da Escola Cat\u00f3lica Querigma!<\/p>\n\n\n\n<p class=\"has-medium-font-size\">VENHA CONFERIR! <\/p>\n\n\n\n<div data-wp-interactive=\"core\/file\" class=\"wp-block-file\"><object data-wp-bind--hidden=\"!state.hasPdfPreview\" hidden class=\"wp-block-file__embed\" data=\"https:\/\/querigma.com.br\/home\/wp-content\/uploads\/2024\/11\/Letras-Musical-de-Evangelizacao-2024.pdf\" type=\"application\/pdf\" style=\"width:100%;height:600px\" aria-label=\"Incorporado de Letras Musical de Evangeliza\u00e7\u00e3o 2024.\"><\/object><a id=\"wp-block-file--media-a856b2fd-7d05-4db6-aea3-901c1ffdca88\" href=\"https:\/\/querigma.com.br\/home\/wp-content\/uploads\/2024\/11\/Letras-Musical-de-Evangelizacao-2024.pdf\">Letras Musical de Evangeliza\u00e7\u00e3o 2024<\/a><a href=\"https:\/\/querigma.com.br\/home\/wp-content\/uploads\/2024\/11\/Letras-Musical-de-Evangelizacao-2024.pdf\" class=\"wp-block-file__button wp-element-button\" download aria-describedby=\"wp-block-file--media-a856b2fd-7d05-4db6-aea3-901c1ffdca88\">Baixar<\/a><\/div>\n","protected":false},"excerpt":{"rendered":"<p>Todas as m\u00fasicas (letras, melodias e harmonias) foram compostas pelos alunos e professores da Escola Cat\u00f3lica Querigma! VENHA CONFERIR!<\/p>\n","protected":false},"author":1,"featured_media":0,"parent":0,"menu_order":0,"comment_status":"closed","ping_status":"closed","template":"","meta":{"footnotes":""},"class_list":["post-150","page","type-page","status-publish","hentry"],"_links":{"self":[{"href":"https:\/\/querigma.com.br\/home\/index.php\/wp-json\/wp\/v2\/pages\/150","targetHints":{"allow":["GET"]}}],"collection":[{"href":"https:\/\/querigma.com.br\/home\/index.php\/wp-json\/wp\/v2\/pages"}],"about":[{"href":"https:\/\/querigma.com.br\/home\/index.php\/wp-json\/wp\/v2\/types\/page"}],"author":[{"embeddable":true,"href":"https:\/\/querigma.com.br\/home\/index.php\/wp-json\/wp\/v2\/users\/1"}],"replies":[{"embeddable":true,"href":"https:\/\/querigma.com.br\/home\/index.php\/wp-json\/wp\/v2\/comments?post=150"}],"version-history":[{"count":5,"href":"https:\/\/querigma.com.br\/home\/index.php\/wp-json\/wp\/v2\/pages\/150\/revisions"}],"predecessor-version":[{"id":172,"href":"https:\/\/querigma.com.br\/home\/index.php\/wp-json\/wp\/v2\/pages\/150\/revisions\/172"}],"wp:attachment":[{"href":"https:\/\/querigma.com.br\/home\/index.php\/wp-json\/wp\/v2\/media?parent=150"}],"curies":[{"name":"wp","href":"https:\/\/api.w.org\/{rel}","templated":true}]}}