{"id":51,"date":"2024-04-12T17:23:23","date_gmt":"2024-04-12T20:23:23","guid":{"rendered":"https:\/\/querigma.com.br\/home\/?page_id=51"},"modified":"2024-04-12T17:23:23","modified_gmt":"2024-04-12T20:23:23","slug":"nossa-missao","status":"publish","type":"page","link":"https:\/\/querigma.com.br\/home\/index.php\/nossa-missao\/","title":{"rendered":"Nossa Miss\u00e3o"},"content":{"rendered":"\n<p>Um carisma de funda\u00e7\u00e3o sup\u00f5e, necessariamente, uma dimens\u00e3o mission\u00e1ria peculiar, que lhe \u00e9 intr\u00ednseca e lhe outorga sentido. Com efeito, os carismas s\u00e3o gra\u00e7as que o Esp\u00edrito Santo distribui a cada um conforme quer (cf. 1Cor 12,11) tendo em vista \u201cuma utilidade eclesial, pois s\u00e3o ordenados \u00e0 edifica\u00e7\u00e3o da Igreja, ao bem comum dos homens e \u00e0s necessidades do mundo\u201d (Catecismo da Igreja Cat\u00f3lica, n. 799).<\/p>\n\n\n\n<p>No \u00e2mbito do Decreto de Reconhecimento e Aprova\u00e7\u00e3o das Constitui\u00e7\u00f5es e Regras de Vida, a autoridade eclesi\u00e1stica confirmou o car\u00e1ter mission\u00e1rio da Comunidade Cat\u00f3lica Querigma, a qual deve dedicar-se \u201c\u00e0 forma\u00e7\u00e3o e \u00e0 educa\u00e7\u00e3o cat\u00f3lica das fam\u00edlias, da inf\u00e2ncia e da juventude\u201d.<\/p>\n\n\n\n<p>Por conseguinte, no exerc\u00edcio de sua miss\u00e3o, a Institui\u00e7\u00e3o mant\u00e9m a Escola Cat\u00f3lica Querigma e a Livraria Cat\u00f3lica Nossa Senhora M\u00e3e da Divina Provid\u00eancia. Evidentemente, essas obras constituem-se a modalidade pela qual a miss\u00e3o da Institui\u00e7\u00e3o torna-se vis\u00edvel; elas pressup\u00f5em a miss\u00e3o, embora n\u00e3o a esgotem, nem a definam.<\/p>\n","protected":false},"excerpt":{"rendered":"<p>Um carisma de funda\u00e7\u00e3o sup\u00f5e, necessariamente, uma dimens\u00e3o mission\u00e1ria peculiar, que lhe \u00e9 intr\u00ednseca e lhe outorga sentido. Com efeito, os carismas s\u00e3o gra\u00e7as que o Esp\u00edrito Santo distribui a cada um conforme quer (cf. 1Cor 12,11) tendo em vista \u201cuma utilidade eclesial, pois s\u00e3o ordenados \u00e0 edifica\u00e7\u00e3o da Igreja, ao bem comum dos homens [&hellip;]<\/p>\n","protected":false},"author":1,"featured_media":0,"parent":0,"menu_order":0,"comment_status":"closed","ping_status":"closed","template":"","meta":{"footnotes":""},"class_list":["post-51","page","type-page","status-publish","hentry"],"_links":{"self":[{"href":"https:\/\/querigma.com.br\/home\/index.php\/wp-json\/wp\/v2\/pages\/51","targetHints":{"allow":["GET"]}}],"collection":[{"href":"https:\/\/querigma.com.br\/home\/index.php\/wp-json\/wp\/v2\/pages"}],"about":[{"href":"https:\/\/querigma.com.br\/home\/index.php\/wp-json\/wp\/v2\/types\/page"}],"author":[{"embeddable":true,"href":"https:\/\/querigma.com.br\/home\/index.php\/wp-json\/wp\/v2\/users\/1"}],"replies":[{"embeddable":true,"href":"https:\/\/querigma.com.br\/home\/index.php\/wp-json\/wp\/v2\/comments?post=51"}],"version-history":[{"count":1,"href":"https:\/\/querigma.com.br\/home\/index.php\/wp-json\/wp\/v2\/pages\/51\/revisions"}],"predecessor-version":[{"id":52,"href":"https:\/\/querigma.com.br\/home\/index.php\/wp-json\/wp\/v2\/pages\/51\/revisions\/52"}],"wp:attachment":[{"href":"https:\/\/querigma.com.br\/home\/index.php\/wp-json\/wp\/v2\/media?parent=51"}],"curies":[{"name":"wp","href":"https:\/\/api.w.org\/{rel}","templated":true}]}}