{"id":55,"date":"2024-04-12T17:22:34","date_gmt":"2024-04-12T20:22:34","guid":{"rendered":"https:\/\/querigma.com.br\/home\/?page_id=55"},"modified":"2024-04-12T17:22:34","modified_gmt":"2024-04-12T20:22:34","slug":"a-consagracao-de-vida","status":"publish","type":"page","link":"https:\/\/querigma.com.br\/home\/index.php\/a-consagracao-de-vida\/","title":{"rendered":"A Consagra\u00e7\u00e3o de Vida"},"content":{"rendered":"\n<p>S\u00e3o Jo\u00e3o Paulo II recorda \u201co fato de que as novas formas de vida consagrada n\u00e3o substitu\u00edram as antigas. Numa variedade t\u00e3o grande de formas, p\u00f4de-se conservar a unidade de fundo gra\u00e7as ao chamado sempre id\u00eantico a seguir, na busca da perfeita caridade, Jesus virgem, pobre e obediente. Este chamado, tal como se encontra em todas as formas j\u00e1 existentes, assim \u00e9 requerido naquelas que se prop\u00f5em como novas\u201d (Vita consecrata, n. 12).<\/p>\n\n\n\n<p>Portanto, todos os membros da Comunidade Cat\u00f3lica Querigma \u2013 fi\u00e9is leigos, homens e mulheres, casados e solteiros \u2013 s\u00e3o vocacionados \u00e0 consagra\u00e7\u00e3o de suas vidas, assumindo, publicamente, os compromissos evang\u00e9licos de pobreza, castidade e obedi\u00eancia, devidamente adaptados aos estados de vida que lhes s\u00e3o pr\u00f3prios.<\/p>\n","protected":false},"excerpt":{"rendered":"<p>S\u00e3o Jo\u00e3o Paulo II recorda \u201co fato de que as novas formas de vida consagrada n\u00e3o substitu\u00edram as antigas. Numa variedade t\u00e3o grande de formas, p\u00f4de-se conservar a unidade de fundo gra\u00e7as ao chamado sempre id\u00eantico a seguir, na busca da perfeita caridade, Jesus virgem, pobre e obediente. Este chamado, tal como se encontra em [&hellip;]<\/p>\n","protected":false},"author":1,"featured_media":0,"parent":0,"menu_order":0,"comment_status":"closed","ping_status":"closed","template":"","meta":{"footnotes":""},"class_list":["post-55","page","type-page","status-publish","hentry"],"_links":{"self":[{"href":"https:\/\/querigma.com.br\/home\/index.php\/wp-json\/wp\/v2\/pages\/55","targetHints":{"allow":["GET"]}}],"collection":[{"href":"https:\/\/querigma.com.br\/home\/index.php\/wp-json\/wp\/v2\/pages"}],"about":[{"href":"https:\/\/querigma.com.br\/home\/index.php\/wp-json\/wp\/v2\/types\/page"}],"author":[{"embeddable":true,"href":"https:\/\/querigma.com.br\/home\/index.php\/wp-json\/wp\/v2\/users\/1"}],"replies":[{"embeddable":true,"href":"https:\/\/querigma.com.br\/home\/index.php\/wp-json\/wp\/v2\/comments?post=55"}],"version-history":[{"count":1,"href":"https:\/\/querigma.com.br\/home\/index.php\/wp-json\/wp\/v2\/pages\/55\/revisions"}],"predecessor-version":[{"id":56,"href":"https:\/\/querigma.com.br\/home\/index.php\/wp-json\/wp\/v2\/pages\/55\/revisions\/56"}],"wp:attachment":[{"href":"https:\/\/querigma.com.br\/home\/index.php\/wp-json\/wp\/v2\/media?parent=55"}],"curies":[{"name":"wp","href":"https:\/\/api.w.org\/{rel}","templated":true}]}}